{"id":17485,"date":"2021-08-02T11:46:44","date_gmt":"2021-08-02T09:46:44","guid":{"rendered":"http:\/\/www.dunavplast.com\/novisajt\/?page_id=17485"},"modified":"2021-08-23T10:12:06","modified_gmt":"2021-08-23T08:12:06","slug":"ambalaza-za-medicinski-otpad","status":"publish","type":"page","link":"https:\/\/www.dunavplast.com\/eng\/proizvodi\/ambalaza-za-medicinski-otpad\/","title":{"rendered":"Medical waste packaging"},"content":{"rendered":"<div data-elementor-type=\"wp-page\" data-elementor-id=\"17485\" class=\"elementor elementor-17485\" data-elementor-settings=\"[]\">\n\t\t\t\t\t\t\t<div class=\"elementor-section-wrap\">\n\t\t\t\t\t\t\t<section class=\"elementor-section elementor-top-section elementor-element elementor-element-5ce860d elementor-section-boxed elementor-section-height-default elementor-section-height-default sc_fly_static\" data-id=\"5ce860d\" data-element_type=\"section\">\n\t\t\t\t\t\t<div class=\"elementor-container elementor-column-gap-extended\">\n\t\t\t\t\t<div class=\"elementor-column elementor-col-100 elementor-top-column elementor-element elementor-element-36bbf9a sc_inner_width_none sc_content_align_inherit sc_layouts_column_icons_position_left sc_fly_static\" data-id=\"36bbf9a\" data-element_type=\"column\">\n\t\t\t<div class=\"elementor-widget-wrap elementor-element-populated\">\n\t\t\t\t\t\t\t\t<div class=\"elementor-element elementor-element-2c41ddf sc_height_huge animation_type_block sc_fly_static elementor-widget elementor-widget-spacer\" data-id=\"2c41ddf\" data-element_type=\"widget\" data-widget_type=\"spacer.default\">\n\t\t\t\t<div class=\"elementor-widget-container\">\n\t\t\t\t\t<div class=\"elementor-spacer\">\n\t\t\t<div class=\"elementor-spacer-inner\"><\/div>\n\t\t<\/div>\n\t\t\t\t<\/div>\n\t\t\t\t<\/div>\n\t\t\t\t\t<\/div>\n\t\t<\/div>\n\t\t\t\t\t\t\t<\/div>\n\t\t<\/section>\n\t\t\t\t<section class=\"elementor-section elementor-top-section elementor-element elementor-element-322e6a7 elementor-section-stretched elementor-section-content-top elementor-section-boxed elementor-section-height-default elementor-section-height-default sc_fly_static\" data-id=\"322e6a7\" data-element_type=\"section\" data-settings=\"{&quot;stretch_section&quot;:&quot;section-stretched&quot;,&quot;background_background&quot;:&quot;classic&quot;}\">\n\t\t\t\t\t\t<div class=\"elementor-container elementor-column-gap-extended\">\n\t\t\t\t\t<div class=\"elementor-column elementor-col-100 elementor-top-column elementor-element elementor-element-f23ca4b sc_inner_width_none sc_content_align_inherit sc_layouts_column_icons_position_left sc_fly_static\" data-id=\"f23ca4b\" data-element_type=\"column\">\n\t\t\t<div class=\"elementor-widget-wrap elementor-element-populated\">\n\t\t\t\t\t\t\t\t<div class=\"elementor-element elementor-element-03c54c0 animation_type_block sc_fly_static elementor-widget elementor-widget-trx_sc_title\" data-id=\"03c54c0\" data-element_type=\"widget\" data-widget_type=\"trx_sc_title.default\">\n\t\t\t\t<div class=\"elementor-widget-container\">\n\t\t\t<div\t\tclass=\"sc_title sc_title_default\" ><span class=\"sc_item_subtitle sc_title_subtitle sc_align_center sc_item_subtitle_above sc_item_title_style_default\">Select a product group subcategory<\/span><h1 class=\"sc_item_title sc_title_title sc_align_center sc_item_title_style_default sc_item_title_tag\"\n\t\t\t><span class=\"sc_item_title_text\">Medical waste packaging<\/span><\/h1><\/div>\t\t<\/div>\n\t\t\t\t<\/div>\n\t\t\t\t\t<\/div>\n\t\t<\/div>\n\t\t\t\t\t\t\t<\/div>\n\t\t<\/section>\n\t\t\t\t<section class=\"elementor-section elementor-top-section elementor-element elementor-element-4bbcb81 elementor-section-boxed elementor-section-height-default elementor-section-height-default sc_fly_static\" data-id=\"4bbcb81\" data-element_type=\"section\">\n\t\t\t\t\t\t<div class=\"elementor-container elementor-column-gap-extended\">\n\t\t\t\t\t<div class=\"elementor-column elementor-col-100 elementor-top-column elementor-element elementor-element-9fe8d62 sc_inner_width_none sc_content_align_inherit sc_layouts_column_icons_position_left sc_fly_static\" data-id=\"9fe8d62\" data-element_type=\"column\">\n\t\t\t<div class=\"elementor-widget-wrap\">\n\t\t\t\t\t\t\t\t\t<\/div>\n\t\t<\/div>\n\t\t\t\t\t\t\t<\/div>\n\t\t<\/section>\n\t\t\t\t<section class=\"elementor-section elementor-top-section elementor-element elementor-element-59fbeea elementor-section-stretched scheme_default elementor-section-boxed elementor-section-height-default elementor-section-height-default sc_fly_static\" data-id=\"59fbeea\" data-element_type=\"section\" data-settings=\"{&quot;stretch_section&quot;:&quot;section-stretched&quot;,&quot;background_background&quot;:&quot;classic&quot;}\">\n\t\t\t\t\t\t<div class=\"elementor-container elementor-column-gap-extended\">\n\t\t\t\t\t<div class=\"elementor-column elementor-col-100 elementor-top-column elementor-element elementor-element-89f7b57 sc_inner_width_none sc_content_align_inherit sc_layouts_column_icons_position_left sc_fly_static\" data-id=\"89f7b57\" data-element_type=\"column\">\n\t\t\t<div class=\"elementor-widget-wrap elementor-element-populated\">\n\t\t\t\t\t\t\t\t<div class=\"elementor-element elementor-element-c984ed6 sc_height_huge animation_type_block sc_fly_static elementor-widget elementor-widget-spacer\" data-id=\"c984ed6\" data-element_type=\"widget\" data-widget_type=\"spacer.default\">\n\t\t\t\t<div class=\"elementor-widget-container\">\n\t\t\t\t\t<div class=\"elementor-spacer\">\n\t\t\t<div class=\"elementor-spacer-inner\"><\/div>\n\t\t<\/div>\n\t\t\t\t<\/div>\n\t\t\t\t<\/div>\n\t\t\t\t<div class=\"elementor-element elementor-element-c5c3fc0 animation_type_block sc_fly_static elementor-widget elementor-widget-trx_sc_services\" data-id=\"c5c3fc0\" data-element_type=\"widget\" data-widget_type=\"trx_sc_services.default\">\n\t\t\t\t<div class=\"elementor-widget-container\">\n\t\t\t<div class=\"sc_services color_style_link2 sc_services_extra sc_services_featured_top\"><div class=\"sc_services_columns_wrap sc_item_columns sc_item_posts_container sc_item_columns_3 trx_addons_columns_wrap columns_padding_bottom\"><div class=\"trx_addons_column-1_3\"><div data-post-id=\"17547\" class=\"sc_services_item sc_item_container post_container with_content with_more with_image with_number post-17547 page type-page status-publish has-post-thumbnail hentry\">\n\t\t<div class=\"sc_services_item_content\" style=\"background-image: url(https:\/\/www.dunavplast.com\/wp-content\/uploads\/2021\/08\/infektivni-otpad.jpg);\">\n\t\t\t\t<div class=\"sc_services_item_content_inner\"><div class=\"sc_services_item_content_inner_top\"><span class=\"sc_services_item_number\">01<\/span><\/div><div class=\"sc_services_item_content_inner_bottom\">\n                <h6 class=\"sc_services_item_title\"><a href=\"https:\/\/www.dunavplast.com\/eng\/proizvodi\/ambalaza-za-medicinski-otpad\/kontejneri-za-infektivni-otpad\/\">Sharps containers<\/a><\/h6>\n                <div class=\"sc_services_item_text\"><p>Ambala\u017ea za medicinski otpad Kontejneri za infektivni otpad Ambala\u017ea za medicinski otpad Kontejneri za infektivni otpad Kontejneri za infektivni otpad Postoji mogu\u0107nost da u tabeli nisu navedeni svi proizvodi iz&hellip;<\/p>\n<\/div><div class=\"sc_services_item_button sc_item_button\">\n                    <a href=\"https:\/\/www.dunavplast.com\/eng\/proizvodi\/ambalaza-za-medicinski-otpad\/kontejneri-za-infektivni-otpad\/\" class=\"sc_services_item_more_link\">\n                        <span class=\"link_text\">Read More<\/span><span class=\"link_icon\"><\/span>\n                    <\/a>\n                    <\/div><\/div><\/div><a class=\"sc_services_item_link\" href=\"https:\/\/www.dunavplast.com\/eng\/proizvodi\/ambalaza-za-medicinski-otpad\/kontejneri-za-infektivni-otpad\/\"><\/a><\/div><\/div><\/div><div class=\"trx_addons_column-1_3\"><div data-post-id=\"17548\" class=\"sc_services_item sc_item_container post_container with_content with_more with_image with_number post-17548 page type-page status-publish has-post-thumbnail hentry\">\n\t\t<div class=\"sc_services_item_content\" style=\"background-image: url(https:\/\/www.dunavplast.com\/wp-content\/uploads\/2021\/08\/citoloski-otpad.jpg);\">\n\t\t\t\t<div class=\"sc_services_item_content_inner\"><div class=\"sc_services_item_content_inner_top\"><span class=\"sc_services_item_number\">02<\/span><\/div><div class=\"sc_services_item_content_inner_bottom\">\n                <h6 class=\"sc_services_item_title\"><a href=\"https:\/\/www.dunavplast.com\/eng\/proizvodi\/ambalaza-za-medicinski-otpad\/kontejneri-za-citotoksicni-otpad\/\">Cytotoxic sharps containers<\/a><\/h6>\n                <div class=\"sc_services_item_text\"><p>Ambala\u017ea za medicinski otpad Kontejneri za citolo\u0161ki otpad Ambala\u017ea za medicinski otpad Kontejneri za citolo\u0161ki otpad Kontejneri za citolo\u0161ki otpad Postoji mogu\u0107nost da u tabeli nisu navedeni svi proizvodi iz&hellip;<\/p>\n<\/div><div class=\"sc_services_item_button sc_item_button\">\n                    <a href=\"https:\/\/www.dunavplast.com\/eng\/proizvodi\/ambalaza-za-medicinski-otpad\/kontejneri-za-citotoksicni-otpad\/\" class=\"sc_services_item_more_link\">\n                        <span class=\"link_text\">Read More<\/span><span class=\"link_icon\"><\/span>\n                    <\/a>\n                    <\/div><\/div><\/div><a class=\"sc_services_item_link\" href=\"https:\/\/www.dunavplast.com\/eng\/proizvodi\/ambalaza-za-medicinski-otpad\/kontejneri-za-citotoksicni-otpad\/\"><\/a><\/div><\/div><\/div><div class=\"trx_addons_column-1_3\"><div data-post-id=\"17549\" class=\"sc_services_item sc_item_container post_container with_content with_more with_image with_number post-17549 page type-page status-publish has-post-thumbnail hentry\">\n\t\t<div class=\"sc_services_item_content\" style=\"background-image: url(https:\/\/www.dunavplast.com\/wp-content\/uploads\/2021\/08\/farmaceutski-otpad.jpg);\">\n\t\t\t\t<div class=\"sc_services_item_content_inner\"><div class=\"sc_services_item_content_inner_top\"><span class=\"sc_services_item_number\">03<\/span><\/div><div class=\"sc_services_item_content_inner_bottom\">\n                <h6 class=\"sc_services_item_title\"><a href=\"https:\/\/www.dunavplast.com\/eng\/proizvodi\/ambalaza-za-medicinski-otpad\/kontejneri-za-hemijski-i-farmaceutski-otpad\/\">Pharma waste containers<\/a><\/h6>\n                <div class=\"sc_services_item_text\"><p>Ambala\u017ea za medicinski otpad Kontejneri za hemijski i farmaceutski otpad Ambala\u017ea za medicinski otpad Kontejneri za hemijski i farmaceutski otpad Kontejneri za hemijski ifarmaceutski otpad Postoji mogu\u0107nost da u tabeli&hellip;<\/p>\n<\/div><div class=\"sc_services_item_button sc_item_button\">\n                    <a href=\"https:\/\/www.dunavplast.com\/eng\/proizvodi\/ambalaza-za-medicinski-otpad\/kontejneri-za-hemijski-i-farmaceutski-otpad\/\" class=\"sc_services_item_more_link\">\n                        <span class=\"link_text\">Read More<\/span><span class=\"link_icon\"><\/span>\n                    <\/a>\n                    <\/div><\/div><\/div><a class=\"sc_services_item_link\" href=\"https:\/\/www.dunavplast.com\/eng\/proizvodi\/ambalaza-za-medicinski-otpad\/kontejneri-za-hemijski-i-farmaceutski-otpad\/\"><\/a><\/div><\/div><\/div><div class=\"trx_addons_column-1_3\"><div data-post-id=\"17550\" class=\"sc_services_item sc_item_container post_container with_content with_more with_image with_number post-17550 page type-page status-publish has-post-thumbnail hentry\">\n\t\t<div class=\"sc_services_item_content\" style=\"background-image: url(https:\/\/www.dunavplast.com\/wp-content\/uploads\/2021\/08\/nalepnice.jpg);\">\n\t\t\t\t<div class=\"sc_services_item_content_inner\"><div class=\"sc_services_item_content_inner_top\"><span class=\"sc_services_item_number\">04<\/span><\/div><div class=\"sc_services_item_content_inner_bottom\">\n                <h6 class=\"sc_services_item_title\"><a href=\"https:\/\/www.dunavplast.com\/eng\/proizvodi\/ambalaza-za-medicinski-otpad\/nalepnice-za-obelezavanje-otpada\/\">Stickers<\/a><\/h6>\n                <div class=\"sc_services_item_text\"><p>Ambala\u017ea za medicinski otpad Nalepnice za obele\u017eavanje otpada Ambala\u017ea za medicinski otpad Nalepnice za obele\u017eavanje otpada Nalepnice za obele\u017eavanje otpada Visok kvalitet Nalepnica za citoksic\u030cni otpad Nalepnica za farmaceutski otpad&hellip;<\/p>\n<\/div><div class=\"sc_services_item_button sc_item_button\">\n                    <a href=\"https:\/\/www.dunavplast.com\/eng\/proizvodi\/ambalaza-za-medicinski-otpad\/nalepnice-za-obelezavanje-otpada\/\" class=\"sc_services_item_more_link\">\n                        <span class=\"link_text\">Read More<\/span><span class=\"link_icon\"><\/span>\n                    <\/a>\n                    <\/div><\/div><\/div><a class=\"sc_services_item_link\" href=\"https:\/\/www.dunavplast.com\/eng\/proizvodi\/ambalaza-za-medicinski-otpad\/nalepnice-za-obelezavanje-otpada\/\"><\/a><\/div><\/div><\/div><div class=\"trx_addons_column-1_3\"><div data-post-id=\"17587\" class=\"sc_services_item sc_item_container post_container with_content with_more with_image with_number post-17587 page type-page status-publish has-post-thumbnail hentry\">\n\t\t<div class=\"sc_services_item_content\" style=\"background-image: url(https:\/\/www.dunavplast.com\/wp-content\/uploads\/2021\/08\/kese-za-med-otpad.jpg);\">\n\t\t\t\t<div class=\"sc_services_item_content_inner\"><div class=\"sc_services_item_content_inner_top\"><span class=\"sc_services_item_number\">05<\/span><\/div><div class=\"sc_services_item_content_inner_bottom\">\n                <h6 class=\"sc_services_item_title\"><a href=\"https:\/\/www.dunavplast.com\/eng\/proizvodi\/brisevi\/kese-za-medicinski-otpad\/\">Kese za medicinski otpad<\/a><\/h6>\n                <div class=\"sc_services_item_text\"><p>Ambala\u017ea za medicinski otpad Kese za medicinski otpad Ambala\u017ea za medicinski otpad Kese za medicinski otpad Kese za medicinski otpad Autoklavabilne kese za medicinski otpad.Za dimenzije koje nisu navedene u&hellip;<\/p>\n<\/div><div class=\"sc_services_item_button sc_item_button\">\n                    <a href=\"https:\/\/www.dunavplast.com\/eng\/proizvodi\/brisevi\/kese-za-medicinski-otpad\/\" class=\"sc_services_item_more_link\">\n                        <span class=\"link_text\">Read More<\/span><span class=\"link_icon\"><\/span>\n                    <\/a>\n                    <\/div><\/div><\/div><a class=\"sc_services_item_link\" href=\"https:\/\/www.dunavplast.com\/eng\/proizvodi\/brisevi\/kese-za-medicinski-otpad\/\"><\/a><\/div><\/div><\/div><div class=\"trx_addons_column-1_3\"><div data-post-id=\"17588\" class=\"sc_services_item sc_item_container post_container with_content with_more with_image with_number post-17588 page type-page status-publish has-post-thumbnail hentry\">\n\t\t<div class=\"sc_services_item_content\" style=\"background-image: url(https:\/\/www.dunavplast.com\/wp-content\/uploads\/2021\/08\/transportni-konteneri-1.jpg);\">\n\t\t\t\t<div class=\"sc_services_item_content_inner\"><div class=\"sc_services_item_content_inner_top\"><span class=\"sc_services_item_number\">06<\/span><\/div><div class=\"sc_services_item_content_inner_bottom\">\n                <h6 class=\"sc_services_item_title\"><a href=\"https:\/\/www.dunavplast.com\/eng\/proizvodi\/ambalaza-za-medicinski-otpad\/transportni-kontejneri\/\">Waste bins with wheels<\/a><\/h6>\n                <div class=\"sc_services_item_text\"><p>Ambala\u017ea za medicinski otpad Transportni kontejneri Ambala\u017ea za medicinski otpad Transportni kontejneri Transportni kontejneri Visok kvalitet 120L 140L 240L Prethodna Slede\u0107i # PROIZVOD KATALO\u0160KI BROJ SIROVINA TRANSPORTNO PAKOVANJE 01 Kontejner&hellip;<\/p>\n<\/div><div class=\"sc_services_item_button sc_item_button\">\n                    <a href=\"https:\/\/www.dunavplast.com\/eng\/proizvodi\/ambalaza-za-medicinski-otpad\/transportni-kontejneri\/\" class=\"sc_services_item_more_link\">\n                        <span class=\"link_text\">Read More<\/span><span class=\"link_icon\"><\/span>\n                    <\/a>\n                    <\/div><\/div><\/div><a class=\"sc_services_item_link\" href=\"https:\/\/www.dunavplast.com\/eng\/proizvodi\/ambalaza-za-medicinski-otpad\/transportni-kontejneri\/\"><\/a><\/div><\/div><\/div><div class=\"trx_addons_column-1_3\"><div data-post-id=\"17589\" class=\"sc_services_item sc_item_container post_container with_content with_more with_image with_number post-17589 page type-page status-publish has-post-thumbnail hentry\">\n\t\t<div class=\"sc_services_item_content\" style=\"background-image: url(https:\/\/www.dunavplast.com\/wp-content\/uploads\/2021\/08\/megaboxevi.jpg);\">\n\t\t\t\t<div class=\"sc_services_item_content_inner\"><div class=\"sc_services_item_content_inner_top\"><span class=\"sc_services_item_number\">07<\/span><\/div><div class=\"sc_services_item_content_inner_bottom\">\n                <h6 class=\"sc_services_item_title\"><a href=\"https:\/\/www.dunavplast.com\/eng\/proizvodi\/ambalaza-za-medicinski-otpad\/megaboxevi\/\">Megaboxes<\/a><\/h6>\n                <div class=\"sc_services_item_text\"><p>Ambala\u017ea za medicinski otpad Megaboxevi Ambala\u017ea za medicinski otpad Megaboxevi Megaboxevi Za zapremine koje nisu istaknute u tabeli, poslati upit. Visok kvalitet Megabox # PROIZVOD KATALO\u0160KI BROJ SIROVINA TRANSPORTNO PAKOVANJE&hellip;<\/p>\n<\/div><div class=\"sc_services_item_button sc_item_button\">\n                    <a href=\"https:\/\/www.dunavplast.com\/eng\/proizvodi\/ambalaza-za-medicinski-otpad\/megaboxevi\/\" class=\"sc_services_item_more_link\">\n                        <span class=\"link_text\">Read More<\/span><span class=\"link_icon\"><\/span>\n                    <\/a>\n                    <\/div><\/div><\/div><a class=\"sc_services_item_link\" href=\"https:\/\/www.dunavplast.com\/eng\/proizvodi\/ambalaza-za-medicinski-otpad\/megaboxevi\/\"><\/a><\/div><\/div><\/div><div class=\"trx_addons_column-1_3\"><div data-post-id=\"17590\" class=\"sc_services_item sc_item_container post_container with_content with_more with_image with_number post-17590 page type-page status-publish has-post-thumbnail hentry\">\n\t\t<div class=\"sc_services_item_content\" style=\"background-image: url(https:\/\/www.dunavplast.com\/wp-content\/uploads\/2021\/08\/kante-sa-pedalom.jpg);\">\n\t\t\t\t<div class=\"sc_services_item_content_inner\"><div class=\"sc_services_item_content_inner_top\"><span class=\"sc_services_item_number\">08<\/span><\/div><div class=\"sc_services_item_content_inner_bottom\">\n                <h6 class=\"sc_services_item_title\"><a href=\"https:\/\/www.dunavplast.com\/eng\/proizvodi\/ambalaza-za-medicinski-otpad\/kante-sa-pedalom\/\">Pedal waste bins<\/a><\/h6>\n                <div class=\"sc_services_item_text\"><p>Ambala\u017ea za medicinski otpad Kante sa pedalom Ambala\u017ea za medicinski otpad Kante sa pedalom Kante sa pedalom Za zapremine koje nisu istaknute u tabeli, poslati upit. Visok kvalitet Megabox #&hellip;<\/p>\n<\/div><div class=\"sc_services_item_button sc_item_button\">\n                    <a href=\"https:\/\/www.dunavplast.com\/eng\/proizvodi\/ambalaza-za-medicinski-otpad\/kante-sa-pedalom\/\" class=\"sc_services_item_more_link\">\n                        <span class=\"link_text\">Read More<\/span><span class=\"link_icon\"><\/span>\n                    <\/a>\n                    <\/div><\/div><\/div><a class=\"sc_services_item_link\" href=\"https:\/\/www.dunavplast.com\/eng\/proizvodi\/ambalaza-za-medicinski-otpad\/kante-sa-pedalom\/\"><\/a><\/div><\/div><\/div><div class=\"trx_addons_column-1_3\"><div data-post-id=\"17591\" class=\"sc_services_item sc_item_container post_container with_content with_more with_image with_number post-17591 page type-page status-publish has-post-thumbnail hentry\">\n\t\t<div class=\"sc_services_item_content\" style=\"background-image: url(https:\/\/www.dunavplast.com\/wp-content\/uploads\/2021\/08\/ostalo-3.jpg);\">\n\t\t\t\t<div class=\"sc_services_item_content_inner\"><div class=\"sc_services_item_content_inner_top\"><span class=\"sc_services_item_number\">09<\/span><\/div><div class=\"sc_services_item_content_inner_bottom\">\n                <h6 class=\"sc_services_item_title\"><a href=\"https:\/\/www.dunavplast.com\/eng\/proizvodi\/ambalaza-za-medicinski-otpad\/nosaci\/\">Brackets<\/a><\/h6>\n                <div class=\"sc_services_item_text\"><p>Ambala\u017ea za medicinski otpad Nosa\u010di Ambala\u017ea za medicinski otpad Nosa\u010di Nosa\u010di Visok kvalitet Nosa\u010d za 0.8,1l P-SERIES Nosa\u010d za 2,2.5,3l P-SERIES, R-SERIES Nosa\u010d za 4,5,6l R-SERIES, 5.2,6.5,7.2l DP-SERIES Nosa\u010d za&hellip;<\/p>\n<\/div><div class=\"sc_services_item_button sc_item_button\">\n                    <a href=\"https:\/\/www.dunavplast.com\/eng\/proizvodi\/ambalaza-za-medicinski-otpad\/nosaci\/\" class=\"sc_services_item_more_link\">\n                        <span class=\"link_text\">Read More<\/span><span class=\"link_icon\"><\/span>\n                    <\/a>\n                    <\/div><\/div><\/div><a class=\"sc_services_item_link\" href=\"https:\/\/www.dunavplast.com\/eng\/proizvodi\/ambalaza-za-medicinski-otpad\/nosaci\/\"><\/a><\/div><\/div><\/div><\/div><\/div>\t\t<\/div>\n\t\t\t\t<\/div>\n\t\t\t\t<div class=\"elementor-element elementor-element-9fabfe1 sc_height_small animation_type_block sc_fly_static elementor-widget elementor-widget-spacer\" data-id=\"9fabfe1\" data-element_type=\"widget\" data-widget_type=\"spacer.default\">\n\t\t\t\t<div class=\"elementor-widget-container\">\n\t\t\t\t\t<div class=\"elementor-spacer\">\n\t\t\t<div class=\"elementor-spacer-inner\"><\/div>\n\t\t<\/div>\n\t\t\t\t<\/div>\n\t\t\t\t<\/div>\n\t\t\t\t<div class=\"elementor-element elementor-element-f308318 animation_type_block sc_fly_static elementor-widget elementor-widget-trx_sc_button\" data-id=\"f308318\" data-element_type=\"widget\" data-widget_type=\"trx_sc_button.default\">\n\t\t\t\t<div class=\"elementor-widget-container\">\n\t\t\t<div\tclass=\"sc_item_button sc_button_wrap sc_align_center\" ><a href=\"\/eng\/proizvodi\/\" class=\"sc_button sc_button_default sc_button_size_normal sc_button_icon_left\" ><span class=\"sc_button_text\"><span class=\"sc_button_title\">Return to products<\/span><\/span><\/a><\/div>\t\t<\/div>\n\t\t\t\t<\/div>\n\t\t\t\t<div class=\"elementor-element elementor-element-af864d8 sc_height_huge animation_type_block sc_fly_static elementor-widget elementor-widget-spacer\" data-id=\"af864d8\" data-element_type=\"widget\" data-widget_type=\"spacer.default\">\n\t\t\t\t<div class=\"elementor-widget-container\">\n\t\t\t\t\t<div class=\"elementor-spacer\">\n\t\t\t<div class=\"elementor-spacer-inner\"><\/div>\n\t\t<\/div>\n\t\t\t\t<\/div>\n\t\t\t\t<\/div>\n\t\t\t\t\t<\/div>\n\t\t<\/div>\n\t\t\t\t\t\t\t<\/div>\n\t\t<\/section>\n\t\t\t\t\t\t<\/div>\n\t\t\t\t\t<\/div>","protected":false},"excerpt":{"rendered":"<p>Izaberite podkategoriju proizvodne grupe Ambala\u017ea za medicinski otpad 01 Kontejneri za infektivni otpad Ambala\u017ea za medicinski otpad Kontejneri za infektivni otpad Kontejneri za infektivni otpad Postoji mogu\u0107nost da u tabeli&hellip;<\/p>","protected":false},"author":4,"featured_media":17557,"parent":17050,"menu_order":0,"comment_status":"closed","ping_status":"closed","template":"","meta":{"inline_featured_image":false,"_exactmetrics_skip_tracking":false,"_exactmetrics_sitenote_active":false,"_exactmetrics_sitenote_note":"","_exactmetrics_sitenote_category":0,"footnotes":""},"class_list":["post-17485","page","type-page","status-publish","has-post-thumbnail","hentry"],"aioseo_notices":[],"_links":{"self":[{"href":"https:\/\/www.dunavplast.com\/eng\/wp-json\/wp\/v2\/pages\/17485"}],"collection":[{"href":"https:\/\/www.dunavplast.com\/eng\/wp-json\/wp\/v2\/pages"}],"about":[{"href":"https:\/\/www.dunavplast.com\/eng\/wp-json\/wp\/v2\/types\/page"}],"author":[{"embeddable":true,"href":"https:\/\/www.dunavplast.com\/eng\/wp-json\/wp\/v2\/users\/4"}],"replies":[{"embeddable":true,"href":"https:\/\/www.dunavplast.com\/eng\/wp-json\/wp\/v2\/comments?post=17485"}],"version-history":[{"count":13,"href":"https:\/\/www.dunavplast.com\/eng\/wp-json\/wp\/v2\/pages\/17485\/revisions"}],"predecessor-version":[{"id":18922,"href":"https:\/\/www.dunavplast.com\/eng\/wp-json\/wp\/v2\/pages\/17485\/revisions\/18922"}],"up":[{"embeddable":true,"href":"https:\/\/www.dunavplast.com\/eng\/wp-json\/wp\/v2\/pages\/17050"}],"wp:featuredmedia":[{"embeddable":true,"href":"https:\/\/www.dunavplast.com\/eng\/wp-json\/wp\/v2\/media\/17557"}],"wp:attachment":[{"href":"https:\/\/www.dunavplast.com\/eng\/wp-json\/wp\/v2\/media?parent=17485"}],"curies":[{"name":"wp","href":"https:\/\/api.w.org\/{rel}","templated":true}]}}