{"id":17050,"date":"2021-07-29T11:14:08","date_gmt":"2021-07-29T09:14:08","guid":{"rendered":"http:\/\/www.dunavplast.com\/novisajt\/?page_id=17050"},"modified":"2021-09-13T14:34:40","modified_gmt":"2021-09-13T12:34:40","slug":"proizvodi","status":"publish","type":"page","link":"https:\/\/www.dunavplast.com\/eng\/proizvodi\/","title":{"rendered":"Products"},"content":{"rendered":"<div data-elementor-type=\"wp-page\" data-elementor-id=\"17050\" class=\"elementor elementor-17050\" data-elementor-settings=\"[]\">\n\t\t\t\t\t\t\t<div class=\"elementor-section-wrap\">\n\t\t\t\t\t\t\t<section class=\"elementor-section elementor-top-section elementor-element elementor-element-7dbb3c9 elementor-section-full_width scheme_dark elementor-section-stretched elementor-section-height-default elementor-section-height-default sc_fly_static\" data-id=\"7dbb3c9\" data-element_type=\"section\" data-settings=\"{&quot;background_background&quot;:&quot;classic&quot;,&quot;stretch_section&quot;:&quot;section-stretched&quot;}\">\n\t\t\t\t\t\t<div class=\"elementor-container elementor-column-gap-no\">\n\t\t\t\t\t<div class=\"elementor-column elementor-col-100 elementor-top-column elementor-element elementor-element-6e8f617 sc_inner_width_none sc_content_align_inherit sc_layouts_column_icons_position_left sc_fly_static\" data-id=\"6e8f617\" data-element_type=\"column\">\n\t\t\t<div class=\"elementor-widget-wrap elementor-element-populated\">\n\t\t\t\t\t\t\t\t<div class=\"elementor-element elementor-element-cf1be3b animation_type_block sc_fly_static elementor-widget elementor-widget-trx_sc_services\" data-id=\"cf1be3b\" data-element_type=\"widget\" data-widget_type=\"trx_sc_services.default\">\n\t\t\t\t<div class=\"elementor-widget-container\">\n\t\t\t<div class=\"sc_services sc_services_strong sc_services_featured_top\"><div class=\"sc_services_columns_wrap sc_item_columns sc_item_posts_container sc_item_columns_4 trx_addons_columns_wrap no_margin\"><div class=\"trx_addons_column-1_4 trx_addons_column-1_2-tablet\"><div data-post-id=\"17064\" class=\"sc_services_item sc_item_container post_container with_content with_more with_image with_number post-17064 page type-page status-publish has-post-thumbnail hentry\">\n\t\t<div class=\"sc_services_item_content\" style=\"background-image: url(https:\/\/www.dunavplast.com\/wp-content\/uploads\/2021\/08\/Laboratorijsko-posudje-1-840x840.jpg);\">\n\t\t\t\t<div class=\"sc_services_item_content_inner\"><div class=\"sc_services_item_content_inner_top\"><span class=\"sc_services_item_number\">01.<\/span><\/div><div class=\"sc_services_item_content_inner_bottom\">\n                <h6 class=\"sc_services_item_title\"><a href=\"https:\/\/www.dunavplast.com\/eng\/proizvodi\/laboratorijsko-posudje\/\">Disposables<\/a><\/h6>\n                <div class=\"sc_services_item_text\"><p>Izaberite podkategoriju proizvodne grupe Laboratorijsko posu\u0111e 01 Posude za feces Laboratorijsko posu\u0111e Posude za feces Posude za feces Posude za feces su izra\u0111ene od visokokvalitetnih materijala, neprovidne su i sadr\u017ee&hellip;<\/p>\n<\/div><div class=\"sc_services_item_button sc_item_button\">\n                    <a href=\"https:\/\/www.dunavplast.com\/eng\/proizvodi\/laboratorijsko-posudje\/\" class=\"sc_services_item_more_link\">\n                        <span class=\"link_text\">Read more<\/span><span class=\"link_icon\"><\/span>\n                    <\/a>\n                    <\/div><\/div><\/div><a class=\"sc_services_item_link\" href=\"https:\/\/www.dunavplast.com\/eng\/proizvodi\/laboratorijsko-posudje\/\"><\/a><\/div><\/div><\/div><div class=\"trx_addons_column-1_4 trx_addons_column-1_2-tablet\"><div data-post-id=\"17450\" class=\"sc_services_item sc_item_container post_container with_content with_more with_image with_number post-17450 page type-page status-publish has-post-thumbnail hentry\">\n\t\t<div class=\"sc_services_item_content\" style=\"background-image: url(https:\/\/www.dunavplast.com\/wp-content\/uploads\/2021\/08\/Pribor-za-uzorkovanje-1-840x840.jpg);\">\n\t\t\t\t<div class=\"sc_services_item_content_inner\"><div class=\"sc_services_item_content_inner_top\"><span class=\"sc_services_item_number\">02.<\/span><\/div><div class=\"sc_services_item_content_inner_bottom\">\n                <h6 class=\"sc_services_item_title\"><a href=\"https:\/\/www.dunavplast.com\/eng\/proizvodi\/pribor-za-uzorkovanje\/\">Sampling<\/a><\/h6>\n                <div class=\"sc_services_item_text\"><p>Kategorija Pribor za uzorkovanje Kategorija Pribor za uzorkovanje Pribor za uzorkovanje Visok kvalitet Sertifikovano Inokulacioni s\u030ctapic\u0301 &#8211; EZA 1 mikrolitar Inokulacioni s\u030ctapic\u0301 &#8211; EZA 10 mikrolitar Kas\u030cika za uzorkovanje 1&hellip;<\/p>\n<\/div><div class=\"sc_services_item_button sc_item_button\">\n                    <a href=\"https:\/\/www.dunavplast.com\/eng\/proizvodi\/pribor-za-uzorkovanje\/\" class=\"sc_services_item_more_link\">\n                        <span class=\"link_text\">Read more<\/span><span class=\"link_icon\"><\/span>\n                    <\/a>\n                    <\/div><\/div><\/div><a class=\"sc_services_item_link\" href=\"https:\/\/www.dunavplast.com\/eng\/proizvodi\/pribor-za-uzorkovanje\/\"><\/a><\/div><\/div><\/div><div class=\"trx_addons_column-1_4 trx_addons_column-1_2-tablet\"><div data-post-id=\"17106\" class=\"sc_services_item sc_item_container post_container with_content with_more with_image with_number post-17106 page type-page status-publish has-post-thumbnail hentry\">\n\t\t<div class=\"sc_services_item_content\" style=\"background-image: url(https:\/\/www.dunavplast.com\/wp-content\/uploads\/2021\/08\/Epruvete-1-840x840.jpg);\">\n\t\t\t\t<div class=\"sc_services_item_content_inner\"><div class=\"sc_services_item_content_inner_top\"><span class=\"sc_services_item_number\">03.<\/span><\/div><div class=\"sc_services_item_content_inner_bottom\">\n                <h6 class=\"sc_services_item_title\"><a href=\"https:\/\/www.dunavplast.com\/eng\/proizvodi\/epruvete\/\">Test tubes<\/a><\/h6>\n                <div class=\"sc_services_item_text\"><p>Izaberite podkategoriju proizvodne grupe Epruvete 01 Epruvete Epruvete Epruvete Epruvete Visok kvalitet Sertifikovano Epruveta 19&#215;140 Epruveta fi14x100 Epruveta fi16x100 &#8211; konusna Epruveta fi16x100 \u041f\u0440\u0435\u0442\u0445\u043e\u0434\u043d\u0430 \u0421\u043b\u0435\u0434\u0435\u045b\u0438 # PROIZVOD KATALO\u0160KI BROJ SIROVINA&hellip;<\/p>\n<\/div><div class=\"sc_services_item_button sc_item_button\">\n                    <a href=\"https:\/\/www.dunavplast.com\/eng\/proizvodi\/epruvete\/\" class=\"sc_services_item_more_link\">\n                        <span class=\"link_text\">Read more<\/span><span class=\"link_icon\"><\/span>\n                    <\/a>\n                    <\/div><\/div><\/div><a class=\"sc_services_item_link\" href=\"https:\/\/www.dunavplast.com\/eng\/proizvodi\/epruvete\/\"><\/a><\/div><\/div><\/div><div class=\"trx_addons_column-1_4 trx_addons_column-1_2-tablet\"><div data-post-id=\"17475\" class=\"sc_services_item sc_item_container post_container with_content with_more with_image with_number post-17475 page type-page status-publish has-post-thumbnail hentry\">\n\t\t<div class=\"sc_services_item_content\" style=\"background-image: url(https:\/\/www.dunavplast.com\/wp-content\/uploads\/2021\/08\/Stalci-1-840x840.jpg);\">\n\t\t\t\t<div class=\"sc_services_item_content_inner\"><div class=\"sc_services_item_content_inner_top\"><span class=\"sc_services_item_number\">04.<\/span><\/div><div class=\"sc_services_item_content_inner_bottom\">\n                <h6 class=\"sc_services_item_title\"><a href=\"https:\/\/www.dunavplast.com\/eng\/proizvodi\/stalci\/\">Racks<\/a><\/h6>\n                <div class=\"sc_services_item_text\"><p>Kategorija Stalci Kategorija Stalci Stalci Po zahtevu kupca izra\u0111ujemo i stalke razli\u010ditih dimenzija od navedenih u tabeli. Visok kvalitet Sertifikovano Stalak za epruvete RM24 Stalak za epruvete RM48 Stalak za&hellip;<\/p>\n<\/div><div class=\"sc_services_item_button sc_item_button\">\n                    <a href=\"https:\/\/www.dunavplast.com\/eng\/proizvodi\/stalci\/\" class=\"sc_services_item_more_link\">\n                        <span class=\"link_text\">Read more<\/span><span class=\"link_icon\"><\/span>\n                    <\/a>\n                    <\/div><\/div><\/div><a class=\"sc_services_item_link\" href=\"https:\/\/www.dunavplast.com\/eng\/proizvodi\/stalci\/\"><\/a><\/div><\/div><\/div><div class=\"trx_addons_column-1_4 trx_addons_column-1_2-tablet\"><div data-post-id=\"17100\" class=\"sc_services_item sc_item_container post_container with_content with_more with_image with_number post-17100 page type-page status-publish has-post-thumbnail hentry\">\n\t\t<div class=\"sc_services_item_content\" style=\"background-image: url(https:\/\/www.dunavplast.com\/wp-content\/uploads\/2021\/08\/Brisevi-1-840x840.jpg);\">\n\t\t\t\t<div class=\"sc_services_item_content_inner\"><div class=\"sc_services_item_content_inner_top\"><span class=\"sc_services_item_number\">05.<\/span><\/div><div class=\"sc_services_item_content_inner_bottom\">\n                <h6 class=\"sc_services_item_title\"><a href=\"https:\/\/www.dunavplast.com\/eng\/proizvodi\/brisevi\/\">Swabs<\/a><\/h6>\n                <div class=\"sc_services_item_text\"><p>Izaberite podkategoriju proizvodne grupe Brisevi 01 Brisevi (\u0161tapi\u0107i) Brisevi Brisevi (\u0161tapi\u0107i) Brisevi (\u0161tapi\u0107i) Visok kvalitet Sertifikovano Drveni s\u030ctapic\u0301 sa namotajem pamuka 5-6 mm, Drveni s\u030ctapic\u0301 sa namotajem pamuka 10-11 mm&hellip;<\/p>\n<\/div><div class=\"sc_services_item_button sc_item_button\">\n                    <a href=\"https:\/\/www.dunavplast.com\/eng\/proizvodi\/brisevi\/\" class=\"sc_services_item_more_link\">\n                        <span class=\"link_text\">Read more<\/span><span class=\"link_icon\"><\/span>\n                    <\/a>\n                    <\/div><\/div><\/div><a class=\"sc_services_item_link\" href=\"https:\/\/www.dunavplast.com\/eng\/proizvodi\/brisevi\/\"><\/a><\/div><\/div><\/div><div class=\"trx_addons_column-1_4 trx_addons_column-1_2-tablet\"><div data-post-id=\"17485\" class=\"sc_services_item sc_item_container post_container with_content with_more with_image with_number post-17485 page type-page status-publish has-post-thumbnail hentry\">\n\t\t<div class=\"sc_services_item_content\" style=\"background-image: url(https:\/\/www.dunavplast.com\/wp-content\/uploads\/2021\/08\/Ambalaza-za-infektivni-otpad-1-840x840.jpg);\">\n\t\t\t\t<div class=\"sc_services_item_content_inner\"><div class=\"sc_services_item_content_inner_top\"><span class=\"sc_services_item_number\">06.<\/span><\/div><div class=\"sc_services_item_content_inner_bottom\">\n                <h6 class=\"sc_services_item_title\"><a href=\"https:\/\/www.dunavplast.com\/eng\/proizvodi\/ambalaza-za-medicinski-otpad\/\">Medical waste packaging<\/a><\/h6>\n                <div class=\"sc_services_item_text\"><p>Izaberite podkategoriju proizvodne grupe Ambala\u017ea za medicinski otpad 01 Kontejneri za infektivni otpad Ambala\u017ea za medicinski otpad Kontejneri za infektivni otpad Kontejneri za infektivni otpad Postoji mogu\u0107nost da u tabeli&hellip;<\/p>\n<\/div><div class=\"sc_services_item_button sc_item_button\">\n                    <a href=\"https:\/\/www.dunavplast.com\/eng\/proizvodi\/ambalaza-za-medicinski-otpad\/\" class=\"sc_services_item_more_link\">\n                        <span class=\"link_text\">Read more<\/span><span class=\"link_icon\"><\/span>\n                    <\/a>\n                    <\/div><\/div><\/div><a class=\"sc_services_item_link\" href=\"https:\/\/www.dunavplast.com\/eng\/proizvodi\/ambalaza-za-medicinski-otpad\/\"><\/a><\/div><\/div><\/div><div class=\"trx_addons_column-1_4 trx_addons_column-1_2-tablet\"><div data-post-id=\"17479\" class=\"sc_services_item sc_item_container post_container with_content with_more with_image with_number post-17479 page type-page status-publish has-post-thumbnail hentry\">\n\t\t<div class=\"sc_services_item_content\" style=\"background-image: url(https:\/\/www.dunavplast.com\/wp-content\/uploads\/2021\/08\/Program-za-porodilista-1-840x840.jpg);\">\n\t\t\t\t<div class=\"sc_services_item_content_inner\"><div class=\"sc_services_item_content_inner_top\"><span class=\"sc_services_item_number\">07.<\/span><\/div><div class=\"sc_services_item_content_inner_bottom\">\n                <h6 class=\"sc_services_item_title\"><a href=\"https:\/\/www.dunavplast.com\/eng\/proizvodi\/program-za-porodilista\/\">Maternity program<\/a><\/h6>\n                <div class=\"sc_services_item_text\"><p>Kategorija Program za porodili\u0161ta Kategorija Program za porodili\u0161ta Program za porodili\u0161ta Boja narukvice i tekst na narukvici po zahtevu kupca. Visok kvalitet Sertifikovano Identifikaciona narukvica za bebe &#8211; Dunavplast Identifikaciona&hellip;<\/p>\n<\/div><div class=\"sc_services_item_button sc_item_button\">\n                    <a href=\"https:\/\/www.dunavplast.com\/eng\/proizvodi\/program-za-porodilista\/\" class=\"sc_services_item_more_link\">\n                        <span class=\"link_text\">Read more<\/span><span class=\"link_icon\"><\/span>\n                    <\/a>\n                    <\/div><\/div><\/div><a class=\"sc_services_item_link\" href=\"https:\/\/www.dunavplast.com\/eng\/proizvodi\/program-za-porodilista\/\"><\/a><\/div><\/div><\/div><div class=\"trx_addons_column-1_4 trx_addons_column-1_2-tablet\"><div data-post-id=\"17480\" class=\"sc_services_item sc_item_container post_container with_content with_more with_image with_number post-17480 page type-page status-publish has-post-thumbnail hentry\">\n\t\t<div class=\"sc_services_item_content\" style=\"background-image: url(https:\/\/www.dunavplast.com\/wp-content\/uploads\/2021\/08\/Medicinska-pomagala-1-840x840.jpg);\">\n\t\t\t\t<div class=\"sc_services_item_content_inner\"><div class=\"sc_services_item_content_inner_top\"><span class=\"sc_services_item_number\">08.<\/span><\/div><div class=\"sc_services_item_content_inner_bottom\">\n                <h6 class=\"sc_services_item_title\"><a href=\"https:\/\/www.dunavplast.com\/eng\/proizvodi\/medicinska-pomagala\/\">Urinals<\/a><\/h6>\n                <div class=\"sc_services_item_text\"><p>Kategorija Medicinska pomagala Kategorija Medicinska pomagala Medicinska pomagala Visok kvalitet Sertifikovano Medicinska guska &#8211; z\u030censka Medicinska guska &#8211; mus\u030cka Medicinska guska &#8211; dec\u030cija Medicinska-lopata Prethodna Slede\u0107i # PROIZVOD KATALO\u0160KI BROJ&hellip;<\/p>\n<\/div><div class=\"sc_services_item_button sc_item_button\">\n                    <a href=\"https:\/\/www.dunavplast.com\/eng\/proizvodi\/medicinska-pomagala\/\" class=\"sc_services_item_more_link\">\n                        <span class=\"link_text\">Read more<\/span><span class=\"link_icon\"><\/span>\n                    <\/a>\n                    <\/div><\/div><\/div><a class=\"sc_services_item_link\" href=\"https:\/\/www.dunavplast.com\/eng\/proizvodi\/medicinska-pomagala\/\"><\/a><\/div><\/div><\/div><div class=\"trx_addons_column-1_4 trx_addons_column-1_2-tablet\"><div data-post-id=\"17476\" class=\"sc_services_item sc_item_container post_container with_content with_more with_image with_number post-17476 page type-page status-publish has-post-thumbnail hentry\">\n\t\t<div class=\"sc_services_item_content\" style=\"background-image: url(https:\/\/www.dunavplast.com\/wp-content\/uploads\/2021\/08\/Irigatori-1-840x840.jpg);\">\n\t\t\t\t<div class=\"sc_services_item_content_inner\"><div class=\"sc_services_item_content_inner_top\"><span class=\"sc_services_item_number\">09.<\/span><\/div><div class=\"sc_services_item_content_inner_bottom\">\n                <h6 class=\"sc_services_item_title\"><a href=\"https:\/\/www.dunavplast.com\/eng\/proizvodi\/irigatori\/\">Irrigation kits<\/a><\/h6>\n                <div class=\"sc_services_item_text\"><p>Kategorija Irigatori Kategorija Irigatori Irigatori Visok kvalitet Sertifikovano Irigator za vaginalno ispiranje V=250 ml Irigator komplet (set) Rektalni nastavak sa slavinom Vaginalni nastavak sa slavinom Rektalni nastavak Rektalni nastavak za&hellip;<\/p>\n<\/div><div class=\"sc_services_item_button sc_item_button\">\n                    <a href=\"https:\/\/www.dunavplast.com\/eng\/proizvodi\/irigatori\/\" class=\"sc_services_item_more_link\">\n                        <span class=\"link_text\">Read more<\/span><span class=\"link_icon\"><\/span>\n                    <\/a>\n                    <\/div><\/div><\/div><a class=\"sc_services_item_link\" href=\"https:\/\/www.dunavplast.com\/eng\/proizvodi\/irigatori\/\"><\/a><\/div><\/div><\/div><div class=\"trx_addons_column-1_4 trx_addons_column-1_2-tablet\"><div data-post-id=\"17483\" class=\"sc_services_item sc_item_container post_container with_content with_more with_image with_number post-17483 page type-page status-publish has-post-thumbnail hentry\">\n\t\t<div class=\"sc_services_item_content\" style=\"background-image: url(https:\/\/www.dunavplast.com\/wp-content\/uploads\/2021\/08\/Duvana-ambalaza-1-840x840.jpg);\">\n\t\t\t\t<div class=\"sc_services_item_content_inner\"><div class=\"sc_services_item_content_inner_top\"><span class=\"sc_services_item_number\">10.<\/span><\/div><div class=\"sc_services_item_content_inner_bottom\">\n                <h6 class=\"sc_services_item_title\"><a href=\"https:\/\/www.dunavplast.com\/eng\/proizvodi\/duvana-ambalaza\/\">Blow molding packagings<\/a><\/h6>\n                <div class=\"sc_services_item_text\"><p>Izaberite podkategoriju proizvodne grupe Duvana ambala\u017ea 01 Boce Duvana ambala\u017ea Boce Boce Visok kvalitet Sertifikovano Boca V=100 ml Boca V=250 ml Boca V=500 ml Boca V=1 L Boca V= 1&hellip;<\/p>\n<\/div><div class=\"sc_services_item_button sc_item_button\">\n                    <a href=\"https:\/\/www.dunavplast.com\/eng\/proizvodi\/duvana-ambalaza\/\" class=\"sc_services_item_more_link\">\n                        <span class=\"link_text\">Read more<\/span><span class=\"link_icon\"><\/span>\n                    <\/a>\n                    <\/div><\/div><\/div><a class=\"sc_services_item_link\" href=\"https:\/\/www.dunavplast.com\/eng\/proizvodi\/duvana-ambalaza\/\"><\/a><\/div><\/div><\/div><div class=\"trx_addons_column-1_4 trx_addons_column-1_2-tablet\"><div data-post-id=\"17487\" class=\"sc_services_item sc_item_container post_container with_content with_more with_image with_number post-17487 page type-page status-publish has-post-thumbnail hentry\">\n\t\t<div class=\"sc_services_item_content\" style=\"background-image: url(https:\/\/www.dunavplast.com\/wp-content\/uploads\/2021\/08\/Ostalo-1-840x840.jpg);\">\n\t\t\t\t<div class=\"sc_services_item_content_inner\"><div class=\"sc_services_item_content_inner_top\"><span class=\"sc_services_item_number\">11.<\/span><\/div><div class=\"sc_services_item_content_inner_bottom\">\n                <h6 class=\"sc_services_item_title\"><a href=\"https:\/\/www.dunavplast.com\/eng\/proizvodi\/razno\/\">Miscellaneous<\/a><\/h6>\n                <div class=\"sc_services_item_text\"><p>Kategorija Razno Kategorija Razno Razno Visok kvalitet Sertifikovano Esmarhova poveska Pipeta 3 ml S\u030cpatula Vretenasti konektor Kutija za predmetno staklo Bubrez\u030cnjak PVC crevo sa prikljuc\u030ckom Prethodna Slede\u0107i # PROIZVOD KATALO\u0160KI&hellip;<\/p>\n<\/div><div class=\"sc_services_item_button sc_item_button\">\n                    <a href=\"https:\/\/www.dunavplast.com\/eng\/proizvodi\/razno\/\" class=\"sc_services_item_more_link\">\n                        <span class=\"link_text\">Read more<\/span><span class=\"link_icon\"><\/span>\n                    <\/a>\n                    <\/div><\/div><\/div><a class=\"sc_services_item_link\" href=\"https:\/\/www.dunavplast.com\/eng\/proizvodi\/razno\/\"><\/a><\/div><\/div><\/div><\/div><\/div>\t\t<\/div>\n\t\t\t\t<\/div>\n\t\t\t\t\t<\/div>\n\t\t<\/div>\n\t\t\t\t\t\t\t<\/div>\n\t\t<\/section>\n\t\t\t\t\t\t<\/div>\n\t\t\t\t\t<\/div>","protected":false},"excerpt":{"rendered":"<p>01. Laboratorijsko posu\u0111e Izaberite podkategoriju proizvodne grupe Laboratorijsko posu\u0111e 01 Posude za feces Laboratorijsko posu\u0111e Posude za feces Posude za feces Lorem ipsum dolor sit amet, consectetur adipiscing elit. Ut&hellip;<\/p>","protected":false},"author":4,"featured_media":0,"parent":0,"menu_order":0,"comment_status":"closed","ping_status":"closed","template":"","meta":{"inline_featured_image":false,"_exactmetrics_skip_tracking":false,"_exactmetrics_sitenote_active":false,"_exactmetrics_sitenote_note":"","_exactmetrics_sitenote_category":0,"footnotes":""},"class_list":["post-17050","page","type-page","status-publish","hentry"],"aioseo_notices":[],"_links":{"self":[{"href":"https:\/\/www.dunavplast.com\/eng\/wp-json\/wp\/v2\/pages\/17050"}],"collection":[{"href":"https:\/\/www.dunavplast.com\/eng\/wp-json\/wp\/v2\/pages"}],"about":[{"href":"https:\/\/www.dunavplast.com\/eng\/wp-json\/wp\/v2\/types\/page"}],"author":[{"embeddable":true,"href":"https:\/\/www.dunavplast.com\/eng\/wp-json\/wp\/v2\/users\/4"}],"replies":[{"embeddable":true,"href":"https:\/\/www.dunavplast.com\/eng\/wp-json\/wp\/v2\/comments?post=17050"}],"version-history":[{"count":51,"href":"https:\/\/www.dunavplast.com\/eng\/wp-json\/wp\/v2\/pages\/17050\/revisions"}],"predecessor-version":[{"id":19743,"href":"https:\/\/www.dunavplast.com\/eng\/wp-json\/wp\/v2\/pages\/17050\/revisions\/19743"}],"wp:attachment":[{"href":"https:\/\/www.dunavplast.com\/eng\/wp-json\/wp\/v2\/media?parent=17050"}],"curies":[{"name":"wp","href":"https:\/\/api.w.org\/{rel}","templated":true}]}}